igit of 5872062?
0
What is the units digit of 144611?
1
What is the units digit of 16800521?
1
What is the hundred thousands digit of 100102?
1
What is the thousands digit of 4432819?
2
What is the ten thousands digit of 38334058?
3
What is the ten thousands digit of 14278005?
7
What is the thousands digit of 17432890?
2
What is the units digit of 134268?
8
What is the thousands digit of 135736?
5
What is the hundred thousands digit of 5731982?
7
What is the hundreds digit of 18121021?
0
What is the ten thousands digit of 3236516?
3
What is the thousands digit of 403911?
3
What is the tens digit of 614080?
8
What is the units digit of 4895175?
5
What is the hundreds digit of 204639?
6
What is the hundreds digit of 177946?
9
What is the ten thousands digit of 2650123?
5
What is the hundreds digit of 2868603?
6
What is the ten thousands digit of 82806?
8
What is the tens digit of 66295?
9
What is the thousands digit of 746460?
6
What is the ten thousands digit of 5666890?
6
What is the hundred thousands digit of 432115?
4
What is the hundred thousands digit of 495851?
4
What is the hundred thousands digit of 457273?
4
What is the hundreds digit of 237395?
3
What is the hundreds digit of 120721?
7
What is the ten thousands digit of 681264?
8
What is the hundreds digit of 340516?
5
What is the units digit of 7663065?
5
What is the thousands digit of 68578?
8
What is the units digit of 383907?
7
What is the thousands digit of 7474?
7
What is the hundreds digit of 1854697?
6
What is the millions digit of 27393033?
7
What is the hundred thousands digit of 32686733?
6
What is the hundreds digit of 13265468?
4
What is the tens digit of 6990470?
7
What is the tens digit of 2528453?
5
What is the ten thousands digit of 13481692?
8
What is the ten thousands digit of 652402?
5
What is the ten thousands digit of 1845759?
4
What is the thousands digit of 80656?
0
What is the tens digit of 323632?
3
What is the millions digit of 7019737?
7
What is the hundred thousands digit of 1778561?
7
What is the millions digit of 10334320?
0
What is the millions digit of 1057373?
1
What is the ten thousands digit of 176123?
7
What is the hundred thousands digit of 3976718?
9
What is the millions digit of 1333431?
1
What is the thousands digit of 3983943?
3
What is the tens digit of 1783325?
2
What is the hundreds digit of 2663884?
8
What is the hundreds digit of 1446363?
3
What is the thousands digit of 100624?
0
What is the hundreds digit of 4503236?
2
What is the ten thousands digit of 2492481?
9
What is the thousands digit of 4862469?
2
What is the hundreds digit of 322867?
8
What is the thousands digit of 6875174?
5
What is the hundreds digit of 6364155?
1
What is the ten millions digit of 25805170?
2
What is the ten thousands digit of 569677?
6
What is the tens digit of 738110?
1
What is the ten thousands digit of 520616?
2
What is the units digit of 1783357?
7
What is the hundred thousands digit of 2078885?
0
What is the tens digit of 265551?
5
What is the ten thousands digit of 303993?
0
What is the tens digit of 382153?
5
What is the ten millions digit of 19557622?
1
What is the tens digit of 590968?
6
What is the units digit of 4185264?
4
What is the hundred thousands digit of 16051168?
0
What is the millions digit of 1183154?
1
What is the hundreds digit of 2680932?
9
What is the hundreds digit of 7888793?
7
What is the hundred thousands digit of 1321812?
3
What is the tens digit of 1296141?
4
What is the thousands digit of 112196?
2
What is the hundred thousands digit of 1758979?
7
What is the thousands digit of 31191351?
1
What is the hundred thousands digit of 1447802?
4
What is the thousands digit of 857250?
7
What is the hundred thousands digit of 219560?
2
What is the ten thousands digit of 412119?
1
What is the thousands digit of 3944436?
4
What is the hundred thousands digit of 2322079?
3
What is the hundred thousands digit of 284414?
2
What is the hundreds digit of 2342437?
4
What is the hundreds digit of 18360864?
8
What is the tens digit of 762329?
2
What is the millions digit of 6846398?
6
What is the ten thousands digit of 938791?
3
What is the hundred thousands digit of 466086?
4
What is the ten thousands digit of 281832?
8
What is the hundred thousands digit of 112707?
1
What is the hundreds digit of 12800250?
2
What is the tens digit of 131327?
2
What is the thousands digit of 1332494?
2
What is the tens digit of 4422265?
6
What is the ten thousands digit of 3985376?
8
What is the ten thousands digit of 987908?
8
What is the thousands digit of 220944?
0
What is the units digit of 832500?
0
What is the hundreds digit of 590000?
0
What is the millions digit of 14588268?
4
What is the tens digit of 135398?
9
What is the thousands digit of 13510392?
0
What is the units digit of 3921418?
8
What is the thousands digit of 28287?
8
What is the thousands digit of 240514?
0
What is the ten millions digit of 14769965?
1
What is the ten thousands digit of 1153192?
5
What is the units digit of 219786?
6
What is the thousands digit of 84351?
4
What is the millions digit of 1742215?
1
What is the units digit of 190736?
6
What is the hundreds digit of 116425?
4
What is the hundred thousands digit of 854598?
8
What is the tens digit of 2367994?
9
What is the hundred thousands digit of 1118281?
1
What is the tens digit of 1016376?
7
What is the hundreds digit of 265135?
1
What is the units digit of 3973473?
3
What is the thousands digit of 1117920?
7
What is the hundred thousands digit of 19759804?
7
What is the tens digit of 552216?
1
What is the hundred thousands digit of 2274402?
2
What is the ten thousands digit of 3097478?
9
What is the millions digit of 3768784?
3
What is the thousands digit of 6019940?
9
What is the ten thousands digit of 10374387?
7
What is the units digit of 25675?
5
What is the units digit of 6315200?
0
What is the units digit of 6740266?
6
What is the tens digit of 162851?
5
What is the thousands digit of 8689205?
9
What is the thousands digit of 23683853?
3
What is the units digit of 66993?
3
What is the millions digit of 5683313?
5
What is the tens digit of 198743?
4
What is the millions digit of 2732909?
2
What is the thousands digit of 2003137?
3
What is the tens digit of 1161740?
4
What is the hundred thousands digit of 2750915?
7
What is the units digit of 26893?
3
What is the tens digit of 1653668?
6
What is the tens digit of 714322?
2
What is the ten thousands digit of 5100960?
0
What is the ten thousands digit of 6153117?
5
What is the tens digit of 28908697?
9
What is the hundred thousands digit of 382548?
3
What is the hundred thousands digit of 1560302?
5
What is the hundreds digit of 3524321?
3
What is the thousands digit of 22729247?
9
What is the hundred thousands digit of 16379437?
3
What is the tens digit of 315185?
8
What is the thousands digit of 1753500?
3
What is the units digit of 24927?
7
What is the tens digit of 866866?
6
What is the hundreds digit of 8186676?
6
What is the hundreds digit of 179128?
1
What is the tens digit of 10909095?
9
What is the hundreds digit of 9740790?
7
What is the hundreds digit of 238381?
3
What is the hundred thousands digit of 4825346?
8
What is the tens digit of 10790962?
6
What is the hundred thousands digit of 587357?
5
What is the thousands digit of 1187618?
7
What is the tens digit of 321481?
8
What is the thousands digit of 1197035?
7
What is the hundreds digit of 94341?
3
What is the tens digit of 140710?
1
What is the thousands digit of 1732143?
2
What is the ten thousands digit of 377099?
7
What is the millions digit of 1499381?
1
What is the units digit of 14400476?
6
What is the hundred thousands digit of 346410?
3
What is the units digit of 112370?
0
What is the millions digit of 3826442?
3
What is the hundreds digit of 62382?
3
What is the thousands digit of 1197240?
7
What is the units digit of 185079?
9
What is the ten thousands digit of 550967?
5
What is the hundreds digit of 279772?
7
What is the ten thousands digit of 161529?
6
What is the thousands digit of 1700988?
0
What is the millions digit of 8115738?
8
What is the hundreds digit of 973042?
0
What is the ten thousands digit of 270527?
7
What is the thousands digit of 20935697?
5
What is the ten thousand